{"id":2237,"date":"2022-04-23T18:09:55","date_gmt":"2022-04-23T16:09:55","guid":{"rendered":"https:\/\/kundenvorschau.mw-it.at\/?post_type=product&#038;p=2237"},"modified":"2022-06-15T17:50:21","modified_gmt":"2022-06-15T15:50:21","slug":"system-professional-purify-mask","status":"publish","type":"product","link":"https:\/\/www.h-werk.ch\/buchs\/product\/system-professional-purify-mask\/","title":{"rendered":"System Professional Purify Mask"},"content":{"rendered":"<h1>System Professional Purify Mask<\/h1>\n<p><strong>Produktbeschreibung:<\/strong> Intensiv n\u00e4hrende und sch\u00fctzende Pflege. Sie befreit das Haar von Schuppen und verleiht ihm ein seidiges Gef\u00fchl.<\/p>\n<p><strong>Produktbeschreibung:<\/strong><br \/>\nPflegevorteile:<br \/>\n\u2022 Pflegt die Kopfhaut tiefenwirksam und bek\u00e4mpft starke Schuppen<br \/>\n\u2022 Nachhaltiger Schutz vor neuer Schuppenbildung<br \/>\n\u2022 Macht das Haar sp\u00fcrbar weich und ist leichter zu stylen.<\/p>\n<p>Rezeptur-Highlights:<br \/>\n\u2022 Von Dermatologen entwickelt und getestet<br \/>\n\u2022 Mild und pH-neutral<\/p>\n","protected":false},"excerpt":{"rendered":"<p><strong>System Professional Purify Mask von Wella ist eine Intensiv n\u00e4hrende und sch\u00fctzende Pflege. <\/strong><\/p>\n","protected":false},"featured_media":2238,"template":"","meta":[],"product_cat":[42],"product_tag":[],"_links":{"self":[{"href":"https:\/\/www.h-werk.ch\/buchs\/wp-json\/wp\/v2\/product\/2237"}],"collection":[{"href":"https:\/\/www.h-werk.ch\/buchs\/wp-json\/wp\/v2\/product"}],"about":[{"href":"https:\/\/www.h-werk.ch\/buchs\/wp-json\/wp\/v2\/types\/product"}],"wp:featuredmedia":[{"embeddable":true,"href":"https:\/\/www.h-werk.ch\/buchs\/wp-json\/wp\/v2\/media\/2238"}],"wp:attachment":[{"href":"https:\/\/www.h-werk.ch\/buchs\/wp-json\/wp\/v2\/media?parent=2237"}],"wp:term":[{"taxonomy":"product_cat","embeddable":true,"href":"https:\/\/www.h-werk.ch\/buchs\/wp-json\/wp\/v2\/product_cat?post=2237"},{"taxonomy":"product_tag","embeddable":true,"href":"https:\/\/www.h-werk.ch\/buchs\/wp-json\/wp\/v2\/product_tag?post=2237"}],"curies":[{"name":"wp","href":"https:\/\/api.w.org\/{rel}","templated":true}]}}