{"id":2845,"date":"2022-05-18T17:29:16","date_gmt":"2022-05-18T15:29:16","guid":{"rendered":"https:\/\/kundenvorschau.mw-it.at\/?post_type=product&#038;p=2845"},"modified":"2022-07-17T16:57:44","modified_gmt":"2022-07-17T14:57:44","slug":"system-professional-repair-perfect-hair-mousse","status":"publish","type":"product","link":"https:\/\/www.h-werk.ch\/buchs\/product\/system-professional-repair-perfect-hair-mousse\/","title":{"rendered":"System Professional &#8211; Repair Perfect Hair-Mousse"},"content":{"rendered":"<h1>System Professional &#8211; Repair Perfect Hair-Mousse<\/h1>\n<p>Sch\u00fctzt vor Hitze und mechanischen Sch\u00e4den<br \/>\nVerbessert das Haarvolumen und die Haarstruktur<br \/>\nSt\u00e4rkt das Haar und wird Widerstandsf\u00e4hig<\/p>\n<p>Besonders geeignet f\u00fcr gesch\u00e4digtes oder br\u00fcchiges Haar<br \/>\nDie Formel dringt tief in die por\u00f6sen Zonen der Haarstruktur ein<br \/>\nProdukt enth\u00e4lt kein Aerosol<\/p>\n","protected":false},"excerpt":{"rendered":"<p> System Professional &#8211; Perfect Hair-Mousse gibt dem Haar Stabilit\u00e4t, St\u00e4rke und Reparatur. Anwendung im nassen Zustand, wenn es am empfindlichsten ist.<\/p>\n","protected":false},"featured_media":5071,"template":"","meta":[],"product_cat":[41],"product_tag":[],"_links":{"self":[{"href":"https:\/\/www.h-werk.ch\/buchs\/wp-json\/wp\/v2\/product\/2845"}],"collection":[{"href":"https:\/\/www.h-werk.ch\/buchs\/wp-json\/wp\/v2\/product"}],"about":[{"href":"https:\/\/www.h-werk.ch\/buchs\/wp-json\/wp\/v2\/types\/product"}],"wp:featuredmedia":[{"embeddable":true,"href":"https:\/\/www.h-werk.ch\/buchs\/wp-json\/wp\/v2\/media\/5071"}],"wp:attachment":[{"href":"https:\/\/www.h-werk.ch\/buchs\/wp-json\/wp\/v2\/media?parent=2845"}],"wp:term":[{"taxonomy":"product_cat","embeddable":true,"href":"https:\/\/www.h-werk.ch\/buchs\/wp-json\/wp\/v2\/product_cat?post=2845"},{"taxonomy":"product_tag","embeddable":true,"href":"https:\/\/www.h-werk.ch\/buchs\/wp-json\/wp\/v2\/product_tag?post=2845"}],"curies":[{"name":"wp","href":"https:\/\/api.w.org\/{rel}","templated":true}]}}