{"id":2853,"date":"2022-05-19T10:33:34","date_gmt":"2022-05-19T08:33:34","guid":{"rendered":"https:\/\/kundenvorschau.mw-it.at\/?post_type=product&#038;p=2853"},"modified":"2022-07-17T18:36:43","modified_gmt":"2022-07-17T16:36:43","slug":"system-professional-luxeoil-keratin-conditioning-cream","status":"publish","type":"product","link":"https:\/\/www.h-werk.ch\/buchs\/product\/system-professional-luxeoil-keratin-conditioning-cream\/","title":{"rendered":"System Professional &#8211; Luxeoil Keratin Conditioning Cream"},"content":{"rendered":"<h1>System Professional &#8211; Luxeoil Keratin Conditioning Cream<\/h1>\n<p>Pflegevorteile:<br \/>\n\u2022 Aktiviert in nur 30 Sekunden<br \/>\n\u2022 Sch\u00fctzt Keratin und Haarfaser vor Styling-Belastungen<br \/>\n\u2022 Luxuri\u00f6ses, geschmeidiges Haargef\u00fchl und leichte K\u00e4mmbarkeit<br \/>\n\u2022 N\u00e4hrt das Haar und versorgt es mit Feuchtigkeit<\/p>\n<p>Rezeptur-Highlights:<br \/>\n\u2022 F\u00fcr alle Haartypen<br \/>\n\u2022 Angereichert mit Argan-, Jojoba- und Mandel\u00f6l&#8220;<\/p>\n","protected":false},"excerpt":{"rendered":"<p>F\u00fcr die t\u00e4gliche Pflege. Sie macht das Haar geschmeidig. Das Keratin pflegt und sch\u00fctzt, ohne das Haar zu beschweren.<\/p>\n","protected":false},"featured_media":5084,"template":"","meta":[],"product_cat":[52],"product_tag":[],"_links":{"self":[{"href":"https:\/\/www.h-werk.ch\/buchs\/wp-json\/wp\/v2\/product\/2853"}],"collection":[{"href":"https:\/\/www.h-werk.ch\/buchs\/wp-json\/wp\/v2\/product"}],"about":[{"href":"https:\/\/www.h-werk.ch\/buchs\/wp-json\/wp\/v2\/types\/product"}],"wp:featuredmedia":[{"embeddable":true,"href":"https:\/\/www.h-werk.ch\/buchs\/wp-json\/wp\/v2\/media\/5084"}],"wp:attachment":[{"href":"https:\/\/www.h-werk.ch\/buchs\/wp-json\/wp\/v2\/media?parent=2853"}],"wp:term":[{"taxonomy":"product_cat","embeddable":true,"href":"https:\/\/www.h-werk.ch\/buchs\/wp-json\/wp\/v2\/product_cat?post=2853"},{"taxonomy":"product_tag","embeddable":true,"href":"https:\/\/www.h-werk.ch\/buchs\/wp-json\/wp\/v2\/product_tag?post=2853"}],"curies":[{"name":"wp","href":"https:\/\/api.w.org\/{rel}","templated":true}]}}