{"id":3725,"date":"2022-05-21T15:52:16","date_gmt":"2022-05-21T13:52:16","guid":{"rendered":"https:\/\/kundenvorschau.mw-it.at\/?post_type=product&#038;p=3725"},"modified":"2022-07-17T18:12:53","modified_gmt":"2022-07-17T16:12:53","slug":"system-professional-smoothen-mask","status":"publish","type":"product","link":"https:\/\/www.h-werk.ch\/buchs\/product\/system-professional-smoothen-mask\/","title":{"rendered":"System Professional &#8211; Smoothen Mask"},"content":{"rendered":"<h1> System Professional &#8211; Smoothen Mask<\/h1>\n<p>\u2022 Reduziert Frizz<br \/>\n\u2022 Reduziert fliegendes Haar<br \/>\n\u2022 H\u00e4lt die Haarstruktur l\u00e4nger geschmeidig<\/p>\n<p>Rezeptur-Highlights:<br \/>\n\u2022 F\u00fcr widerspenstiges, kr\u00e4ftiges, lockiges oder schwer zu b\u00e4ndigendes Haar<br \/>\n\u2022 Ideal f\u00fcr Haar, das schwer zu kontrollieren und stylen ist<\/p>\n","protected":false},"excerpt":{"rendered":"<p> W\u00f6chentliche Pflege f\u00fcr luxuri\u00f6se Geschmeidigkeit, bessere Haartextur und -kontrolle.<\/p>\n","protected":false},"featured_media":3726,"template":"","meta":[],"product_cat":[57],"product_tag":[],"_links":{"self":[{"href":"https:\/\/www.h-werk.ch\/buchs\/wp-json\/wp\/v2\/product\/3725"}],"collection":[{"href":"https:\/\/www.h-werk.ch\/buchs\/wp-json\/wp\/v2\/product"}],"about":[{"href":"https:\/\/www.h-werk.ch\/buchs\/wp-json\/wp\/v2\/types\/product"}],"wp:featuredmedia":[{"embeddable":true,"href":"https:\/\/www.h-werk.ch\/buchs\/wp-json\/wp\/v2\/media\/3726"}],"wp:attachment":[{"href":"https:\/\/www.h-werk.ch\/buchs\/wp-json\/wp\/v2\/media?parent=3725"}],"wp:term":[{"taxonomy":"product_cat","embeddable":true,"href":"https:\/\/www.h-werk.ch\/buchs\/wp-json\/wp\/v2\/product_cat?post=3725"},{"taxonomy":"product_tag","embeddable":true,"href":"https:\/\/www.h-werk.ch\/buchs\/wp-json\/wp\/v2\/product_tag?post=3725"}],"curies":[{"name":"wp","href":"https:\/\/api.w.org\/{rel}","templated":true}]}}