{"id":4347,"date":"2022-06-12T18:27:26","date_gmt":"2022-06-12T16:27:26","guid":{"rendered":"https:\/\/kundenvorschau.mw-it.at\/?post_type=product&#038;p=4347"},"modified":"2022-06-12T18:35:08","modified_gmt":"2022-06-12T16:35:08","slug":"ghd-curl-hold-spray","status":"publish","type":"product","link":"https:\/\/www.h-werk.ch\/buchs\/product\/ghd-curl-hold-spray\/","title":{"rendered":"ghd Curl Hold Spray"},"content":{"rendered":"<h1>ghd Curl Hold Spray<\/h1>\n<p>Maximiere Locken und Wellen mit ghd Curl Hold Spray mit integriertem ghd Heat Protection System.<\/p>\n<p>Es wurde von ghd Stylisten und Hitzestyling Experten entwickelt, um eine maximale Langlebigkeit und Definition von Locken zu gew\u00e4hrleisten. Kreiere wundersch\u00f6ne Locken mit Deinem Styler oder Lockenstab mit professionellen Ergebnissen und nat\u00fcrlichem Glanz.<\/p>\n<p>Das ghd curly ever after spray enth\u00e4lt das ghd Heat Protection System, das eine thermische Schutzschicht auf der Haaroberfl\u00e4che bildet, die f\u00fcr Geschmeidigkeit und ein ges\u00fcnderes Haargef\u00fchl sorgt. Es ist f\u00fcr alle Haartypen geeignet und somit das beste Lockenspray um Deine Hitzestyling-Routine zu optimieren.<\/p>\n<p>Es verbindet sch\u00fctzende Polymere und Pflegestoffe f\u00fcr glattes, geschmeidiges Haar.<br \/>\nLanganhaltende Locken: Mit bis zu 12h Halt, \u00fcbersteht Ihr Style die ganze Nacht!<\/p>\n<div style=\"width: 1080px;\" class=\"wp-video\"><!--[if lt IE 9]><script>document.createElement('video');<\/script><![endif]-->\n<video class=\"wp-video-shortcode\" id=\"video-4347-1\" width=\"1080\" height=\"1920\" preload=\"metadata\" controls=\"controls\"><source type=\"video\/mp4\" src=\"https:\/\/www.h-werk.ch\/buchs\/wp-content\/uploads\/2022\/06\/ghd-locken.mp4?_=1\" \/><a href=\"https:\/\/www.h-werk.ch\/buchs\/wp-content\/uploads\/2022\/06\/ghd-locken.mp4\">https:\/\/www.h-werk.ch\/buchs\/wp-content\/uploads\/2022\/06\/ghd-locken.mp4<\/a><\/video><\/div>\n","protected":false},"excerpt":{"rendered":"<p>ghd Curl Hold Spray<\/p>\n","protected":false},"featured_media":4349,"template":"","meta":[],"product_cat":[64],"product_tag":[],"_links":{"self":[{"href":"https:\/\/www.h-werk.ch\/buchs\/wp-json\/wp\/v2\/product\/4347"}],"collection":[{"href":"https:\/\/www.h-werk.ch\/buchs\/wp-json\/wp\/v2\/product"}],"about":[{"href":"https:\/\/www.h-werk.ch\/buchs\/wp-json\/wp\/v2\/types\/product"}],"wp:featuredmedia":[{"embeddable":true,"href":"https:\/\/www.h-werk.ch\/buchs\/wp-json\/wp\/v2\/media\/4349"}],"wp:attachment":[{"href":"https:\/\/www.h-werk.ch\/buchs\/wp-json\/wp\/v2\/media?parent=4347"}],"wp:term":[{"taxonomy":"product_cat","embeddable":true,"href":"https:\/\/www.h-werk.ch\/buchs\/wp-json\/wp\/v2\/product_cat?post=4347"},{"taxonomy":"product_tag","embeddable":true,"href":"https:\/\/www.h-werk.ch\/buchs\/wp-json\/wp\/v2\/product_tag?post=4347"}],"curies":[{"name":"wp","href":"https:\/\/api.w.org\/{rel}","templated":true}]}}